prime factors of 17588262?
2, 3, 19, 41, 53, 71
List the prime factors of 1186024332.
2, 3, 98835361
List the prime factors of 1286327791.
7, 183761113
List the prime factors of 507014421.
3, 169004807
What are the prime factors of 2415484206?
2, 3, 44731189
What are the prime factors of 64984778?
2, 17, 1911317
List the prime factors of 387703453.
31, 12506563
List the prime factors of 3089386716.
2, 3, 13, 31, 137, 4663
List the prime factors of 63580764.
2, 3, 13, 19, 1129
What are the prime factors of 67398779?
7, 9628397
What are the prime factors of 630640?
2, 5, 7883
List the prime factors of 59023442.
2, 31, 269, 3539
What are the prime factors of 626550390?
2, 3, 5, 709, 1091
What are the prime factors of 291392997?
3, 7, 47, 83, 3557
What are the prime factors of 727305536?
2, 107, 106207
What are the prime factors of 247925491?
11, 131, 15641
List the prime factors of 87681.
3, 11, 2657
What are the prime factors of 609056360?
2, 5, 11, 1384219
List the prime factors of 43473354.
2, 3, 2029, 3571
What are the prime factors of 185214039?
3, 29, 59, 36083
What are the prime factors of 989661833?
137, 7223809
What are the prime factors of 776036708?
2, 194009177
What are the prime factors of 3629399501?
7, 13, 907, 43973
What are the prime factors of 1126556970?
2, 3, 5, 7, 11, 173, 2819
List the prime factors of 805208169.
3, 268402723
List the prime factors of 143291536.
2, 8955721
What are the prime factors of 1161689110?
2, 5, 116168911
What are the prime factors of 214264855?
5, 7, 17, 73, 4933
List the prime factors of 4830383553.
3, 17, 41, 2310083
List the prime factors of 7502449.
239, 31391
List the prime factors of 860828478.
2, 3, 19, 7551127
What are the prime factors of 478852068?
2, 3, 39904339
What are the prime factors of 38105167?
38105167
What are the prime factors of 1069820857?
7, 97, 1575583
List the prime factors of 446411598.
2, 3, 74401933
What are the prime factors of 213267222?
2, 3, 7, 433, 1303
What are the prime factors of 1241030882?
2, 7, 13, 431, 1217
What are the prime factors of 564995438?
2, 7, 19, 2124043
What are the prime factors of 486563147?
7, 59, 1013, 1163
What are the prime factors of 353104205?
5, 70620841
List the prime factors of 204812666.
2, 19, 5389807
What are the prime factors of 3242226501?
3, 120082463
List the prime factors of 217667368.
2, 31, 433, 2027
What are the prime factors of 2563777?
2563777
List the prime factors of 452986198.
2, 7, 31, 1043747
List the prime factors of 388417758.
2, 3, 1439, 44987
List the prime factors of 407290287.
3, 73, 499, 3727
What are the prime factors of 341318215?
5, 7, 31, 127, 2477
List the prime factors of 56420639.
11, 127, 40387
List the prime factors of 13501772.
2, 787, 4289
List the prime factors of 87529039.
13, 17, 601, 659
What are the prime factors of 101474175?
3, 5, 11, 47, 2617
List the prime factors of 3464940853.
11, 314994623
What are the prime factors of 359191185?
3, 5, 563, 42533
What are the prime factors of 87527168?
2, 53, 6451
List the prime factors of 341524943.
19, 1997, 9001
What are the prime factors of 135198745?
5, 11, 223469
List the prime factors of 680091883.
101, 433, 15551
What are the prime factors of 4754245357?
379, 12544183
List the prime factors of 843096205.
5, 7, 701, 4909
What are the prime factors of 1983982365?
3, 5, 17, 29, 37, 2417
What are the prime factors of 192359435?
5, 38471887
What are the prime factors of 1186402289?
353, 9521
What are the prime factors of 1125474489?
3, 353, 354257
List the prime factors of 1310516432.
2, 81907277
List the prime factors of 7491542128.
2, 7, 5209, 12841
What are the prime factors of 59723954?
2, 19, 1571683
List the prime factors of 49558376.
2, 7, 23, 109, 353
What are the prime factors of 127285628?
2, 31, 479, 2143
List the prime factors of 802394863.
79, 257, 39521
What are the prime factors of 24135811?
7, 71, 48563
What are the prime factors of 462672313?
462672313
List the prime factors of 3078870690.
2, 3, 5, 7, 61, 240349
What are the prime factors of 244089063?
3, 2239, 12113
What are the prime factors of 39997571?
4013, 9967
What are the prime factors of 5240102126?
2, 7, 374293009
What are the prime factors of 3049939507?
4339, 702913
What are the prime factors of 3390469?
101, 33569
List the prime factors of 247685212.
2, 139, 445477
List the prime factors of 259685831.
1873, 138647
What are the prime factors of 365503477?
2207, 165611
List the prime factors of 30154297.
37, 53, 15377
What are the prime factors of 133365513?
3, 44455171
List the prime factors of 276212.
2, 199, 347
List the prime factors of 681603958.
2, 7, 48685997
What are the prime factors of 402997794?
2, 3, 67166299
What are the prime factors of 833487392?
2, 26046481
List the prime factors of 1710869953.
13, 17, 19, 83, 4909
What are the prime factors of 2451044492?
2, 13, 311, 151561
List the prime factors of 1248919520.
2, 5, 43, 167, 1087
What are the prime factors of 3115864779?
3, 1038621593
List the prime factors of 3075050463.
3, 1025016821
List the prime factors of 75266322.
2, 3, 12544387
List the prime factors of 186252086.
2, 149, 625007
What are the prime factors of 273142032?
2, 3, 149, 181, 211
List the prime factors of 56544907.
17, 3326171
List the prime factors of 26599505.
5, 239, 22259
What are the prime factors of 285503706?
2, 3, 15861317
List the prime factors of 40867628.
2, 47, 181, 1201
What are the prime factors of 95386406?
2, 47, 1014749
List the prime factors of 91922306.
2, 7, 23, 285473
List the prime factors of 3316405318.
2, 271, 877, 6977
What are the prime factors of 761995207?
59, 101, 127873
What are the prime factors of 173011733?
7109, 24337
List the prime factors of 2480789.
439, 5651
List the prime factors of 7901215.
5, 7, 225749
What are the prime factors of 1017349325?
5, 40693973
What are the prime factors of 2370072271?
7, 67, 5053459
What are the prime factors of 225287501?
419, 537679
List the prime factors of 5045853404.
2, 43, 103, 284819
What are the prime factors of 252918522?
2, 3, 31, 157, 2887
List the prime factors of 1323613807.
61, 2081, 10427
List the prime factors of 47852832.
2, 3, 498467
List the prime factors of 214771930.
2, 5, 23, 293, 3187
List the prime factors of 768822022.
2, 2917, 131783
List the prime factors of 813324587.
31, 251, 104527
List the prime factors of 1507883050.
2, 5, 30157661
List the prime factors of 453801729.
3, 8209, 18427
What are the prime factors of 104313398?
2, 7, 47, 3373
List the prime factors of 343634343.
3, 13, 47, 187471
List the prime factors of 4507449769.
7127, 632447
List the prime factors of 45979820.
2, 5, 31, 74161
List the prime factors of 2503963948.
2, 73, 8575219
What are the prime factors of 242341004?
2, 60585251
What are the prime factors of 390486394?
2, 195243197
List the prime factors of 141132580.
2, 5, 617, 11437
What are the prime factors of 972861420?
2, 3, 5, 179, 90583
List the prime factors of 254872984.
2, 31859123
What are the prime factors of 416441323?
416441323
What are the prime factors of 796899436?
2, 109, 1827751
List the prime factors of 3781606584.
2, 3, 7, 653, 34471
List the prime factors of 118660056.
2, 3, 4944169
What are the prime factors of 2101781301?
3, 15527, 45121
What are the prime factors of 103756078?
2, 181, 286619
What are the prime factors of 208876731?
3, 7, 23, 432457
What are the prime factors of 38785210?
2, 5, 3878521
List the prime factors of 2359799862.
2, 3, 7, 23, 563, 4339
What are the prime factors of 251572760?
2, 5, 421, 14939
What are the prime factors of 213627189?
3, 71209063
List the prime factors of 112494959.
112494959
List the prime factors of 4143741586.
2, 433, 4784921
List the prime factors of 3605248303.
29, 5623, 22109
List the prime factors of 7613995.
5, 1522799
What are the prime factors of 186671623?
37, 419, 12041
What are the prime factors of 853521131?
107, 7976833
List the prime factors of 3159031770.
2, 3, 5, 19, 29, 63703
What are the prime factors of 78556552?
2, 47, 208927
List the prime factors of 1999291453.
1999291453
What are the prime factors of 7077071116?
2, 1769267779
List the prime factors of 2671669356.
2, 3, 1427, 156019
What are the prime factors of 901273444?
2, 335